 i = 20 + 0. Let n = i - -9. Let d be ((-12)/(-108))/((-1)/(-261)). Calculate the greatest common factor of n and d.
29
Suppose -5*t + 8 = -13*t. Let l(k) = 5*k**2. Let j be l(t). Let y(n) = n**3 - 13*n + 8. Let h be y(j). What is the highest common divisor of 17 and h?
17
Let h = -3297 + 4609. Calculate the highest common divisor of h and 32.
32
Let r(t) be the first derivative of t**3 - 2*t**2 + 12*t - 33. Let n be r(4). Let b(o) = 12*o + 6. Let k be b(5). What is the highest common factor of k and n?
22
Suppose -h - 5*d - 38 = 0, -28*h - 34 = -25*h + 5*d. What is the highest common divisor of 797 and h?
1
Let h(q) = 36*q + 132. Let v be h(-3). Calculate the highest common divisor of v and 3336.
24
Suppose 4*i = -r + 10690, 59*r = 2*i + 62*r - 5340. Calculate the highest common factor of 33 and i.
33
Suppose 2839 = z + 5*k, -5*z = -5*k - 10540 - 3415. Calculate the greatest common divisor of z and 90.
9
Suppose -5616 = -109*b + 31*b. Let k = 9 - 8. Suppose 5*j - 4*z - 18 = 2, 0 = 3*j - 5*z + k. Calculate the greatest common divisor of b and j.
8
Let v = -1252 - -1404. Calculate the greatest common factor of v and 3040.
152
Suppose 3*l - 7*l = -36. Let x be (-3)/(45/(-10))*l. What is the highest common factor of x and 4?
2
Suppose 0 = -2*u + k + 6018, 0 = -2*u - 0*k - 2*k + 6012. What is the highest common divisor of u and 704?
64
Let i be 6*8/(-216) - (-148)/18. Let w(x) = -2*x**3 + 19*x**2 - 20*x - 28. Let c be w(i). What is the greatest common divisor of 14 and c?
2
Let d(p) = -4*p**3 - 8*p**2 + 82*p - 89. Let z be d(-9). What is the highest common divisor of 11 and z?
11
Suppose -261 = -12*k + 567. Suppose -f + x + 714 = 0, -k*f - 5*x + 2865 = -65*f. What is the highest common factor of f and 65?
65
Let q = -29 + 74. Let p = 30 + 165. What is the highest common factor of p and q?
15
Let o be 1115/10 + (-2)/(-4). Calculate the highest common factor of o and 144.
16
Let c be 12634414/1644 + (-1)/(-1*3*-2). What is the greatest common divisor of c and 290?
145
Let p = 1749 - 1074. Suppose 13*i - 10245 = p. Calculate the greatest common divisor of 28 and i.
28
Suppose 3*f - 2*f - 5*k = -9, f - k - 3 = 0. Suppose -f*l - 13 = -43. What is the greatest common factor of l and 40?
5
Suppose -32*p + 372 = -140. Let v(l) = -11*l**3 + l**2 + l + 1. Let a be v(-1). Calculate the greatest common divisor of p and a.
4
Suppose d + 3*f = -19, 2*d - f = 3*f + 2. Let i be 3/((-3)/d) + -3. Suppose 4*z = -16, 0*j = -i*j + z + 36. Calculate the greatest common factor of 24 and j.
8
Suppose 0 = 5*f - f + 4*f. Suppose j - 13 - 28 = f. Calculate the greatest common divisor of j and 82.
41
Let u be 70 - ((-68)/(-12) + -8)*12/4. Calculate the greatest common factor of u and 4.
1
Let k(z) = z**3 + 14*z**2 - 10*z + 29. Let j be k(11). Calculate the greatest common factor of 384 and j.
128
Suppose -60 - 566 = -2*v - 2*r, 5*v + r - 1573 = 0. Let i = v - 56. Calculate the highest common factor of i and 7.
7
Let r be 0/21*2/(-6). Suppose -185 = -2*c - 3*k + 8*k, r = 5*c + 5*k - 480. What is the greatest common factor of 5 and c?
5
Let o be 1/((2/(-1))/(-10)). Let z(k) = 18*k + 136. Let i be z(10). Suppose d = g + 82, -6*d + i = -2*d + 2*g. What is the highest common divisor of d and o?
5
Let p(s) = -s**3 - 104*s**2 + 111*s + 644. Let u be p(-105). What is the greatest common divisor of u and 7287?
7
Let u(v) = -10*v - 223. Let l be u(-22). Let r be 4*2*l/4 + 59. Calculate the greatest common factor of 1 and r.
1
Suppose 0 = -2*v + 8, -3*v + v - 164 = -2*j. Let m = j - 80. What is the greatest common factor of m and 180?
6
Suppose -66 = -28*v + 74. Let s be (-23)/(-3) - (-1)/3. Let o = s - 6. What is the greatest common factor of o and v?
1
Let q(c) = c**2 + 10*c + 111. Let v be q(18). Calculate the greatest common factor of v and 328.
41
Let s(o) = 71*o + 33. Let d be s(-11). Let w = -330 - d. Calculate the greatest common factor of 22 and w.
22
Let g = -40 - -43. Suppose -g*j + 76 = 4*r, 3*j - 4*r - 92 = -0*j. What is the greatest common divisor of 252 and j?
28
Let f(m) be the second derivative of 1/20*m**5 + 7/12*m**4 + 0 - 3/2*m**2 + 12*m - 3/2*m**3. Let b be f(-8). What is the highest common divisor of 2 and b?
1
Suppose 7*j + 31*j - 3876 = 0. Suppose r - 4*c = 42, -105*r - c + 139 = -j*r. Calculate the greatest common factor of 506 and r.
46
Suppose -19*m + 17*m = a - 743, 4*a - 1097 = -3*m. What is the highest common divisor of m and 10375?
125
Let g(c) = -c**3 + 105*c**2 + 129*c + 544. Let m be g(106). What is the greatest common divisor of m and 168?
42
Suppose 18*d = 25 + 47. Suppose -4*g + 20 = 0, -d*m - g + 6*g + 1863 = 0. What is the highest common divisor of 59 and m?
59
Let w = -19256 - -25782. What is the greatest common factor of w and 26?
26
Suppose -2*b + b + 52 = -k, -4*b - 5*k = -226. Suppose 522 = 4*x - b. Calculate the highest common factor of 36 and x.
36
Let k = 9 + 0. Let v be (-2)/k - (-9080)/36. Suppose 8*s - 5*s = 84. Calculate the highest common divisor of s and v.
28
Suppose -3*m = 2*r + 377 + 89, -m = 3*r + 167. Let g be m/(-15) - (-78)/(-585). What is the greatest common divisor of 16 and g?
2
Let p(a) = 42*a - 15. Let u be p(-7). Let w = 474 + u. What is the highest common factor of 33 and w?
33
Let g = 74 - 70. Suppose 4*a + 9 = 5*w, -8 = -a - g*w + 16. Suppose a*o = 2*o + 100. What is the greatest common factor of 40 and o?
10
Let c(x) = x**3 - 59*x**2 - 396*x + 7. Let v be c(-6). What is the greatest common divisor of v and 8428?
43
Let l = -20682 + 20702. What is the highest common divisor of l and 206?
2
Suppose 88*p - 182*p + 82*p = -3300. Calculate the highest common divisor of p and 30.
5
Let o(h) = h**3 - 27*h**2 - 48*h + 661. Let x be o(30). What is the highest common divisor of 68 and x?
17
Suppose -3*w + 2*z + 324 = 0, -z - z + 100 = w. Let x = w - 43. Let n(v) = -3*v + 6. Let i be n(-1). Calculate the highest common factor of x and i.
9
Suppose -5 = -d + 4*n, -d + 11 - 3 = -3*n. Suppose d*o + 142 = 18*o. Let q = -94 + o. What is the greatest common factor of q and 12?
12
Let h(m) = 97*m**2 - m + 33. Let o be h(6). What is the greatest common divisor of o and 414?
207
Let r be (2200/300)/(2/57). What is the greatest common divisor of r and 57?
19
Let h(x) = x**3 + 2*x**2 + 2 - 19 - 9*x + 4*x**2. Let y be h(-6). Suppose y = -3*z + 67. Calculate the greatest common divisor of 10 and z.
10
Suppose -5*g - 10*c - 85 = -6*c, 2*g - 2*c = -52. Let l be -1 + -2 - (6 + g + 6). Let h = 2 + -1. Calculate the highest common divisor of h and l.
1
Let z = -27 - -51. Let p be ((-60)/z)/(1/(-12)). Let c = 500 + -460. Calculate the highest common divisor of p and c.
10
Suppose -623 + 217 = -7*i. Suppose 4*b - g = 3*b + i, -b + 4*g + 70 = 0. What is the highest common factor of b and 342?
18
Let n(t) = t**2 + 30*t + 81. Let a be n(-27). Suppose 13*d - 1627 + 145 = a. Calculate the greatest common factor of 399 and d.
57
Let g = -9 - -10. Let z(j) = 12*j**2 + j + 1. Let l be z(g). Let w(x) = x + 1. Let o be w(l). Calculate the highest common divisor of 135 and o.
15
Let d(p) = 7*p**2 - 4*p - 30. Let o be d(10). Suppose -15*f = -5*f - o. Let i = -15 + 22. Calculate the greatest common factor of f and i.
7
Suppose -3*v = -p + 4*p - 6, -3*v - 2 = p. Let k be 15/25 - (-1)/((-5)/v). What is the highest common factor of k and 13?
1
Let h(n) = 339*n + 5484. Let m be h(-16). Calculate the highest common divisor of m and 2010.
30
Let a(m) = -m**3 - 31*m**2 + 94*m + 1000. Let y be a(-33). Calculate the greatest common factor of y and 247.
19
Suppose o - 2*o + 15 = 0. Suppose -4549 + 708 = -259*j + 1339. Calculate the greatest common divisor of o and j.
5
Suppose q - 3*z = 241, -2*q - 4*z = 189 - 711. Calculate the highest common divisor of 19228 and q.
253
Suppose 10*j = 575 + 355. Let w = 109 - j. Calculate the greatest common factor of w and 240.
16
Suppose 2*w + 0*g + 5*g = 2661, -g - 1334 = -w. Suppose 0 = 4*u + b - 129, 4*b - 51 = -256*u + 255*u. What is the highest common factor of w and u?
31
Suppose 15624 = 87*m + 161*m. What is the highest common factor of 567 and m?
63
Let i(k) = -2*k + 117 - 4*k - 5*k - 7*k. Let r be i(4). Calculate the highest common factor of r and 225.
45
Let s be (144/(-84))/(4/(-14)). Suppose -3*h + 0 = -s. Suppose -2